What is the highest common factor of 1045 and 154?
11
Calculate the greatest common divisor of 11 and 7293.
11
Calculate the greatest common divisor of 224 and 15232.
224
What is the greatest common factor of 45 and 155?
5
What is the highest common factor of 833 and 85?
17
Calculate the greatest common divisor of 90 and 6510.
30
What is the greatest common divisor of 849 and 29432?
283
What is the highest common divisor of 125 and 1750?
125
Calculate the greatest common divisor of 42 and 357.
21
Calculate the highest common divisor of 870 and 45.
15
What is the greatest common divisor of 845 and 65?
65
Calculate the highest common factor of 1064 and 56.
56
Calculate the highest common factor of 1820 and 884.
52
Calculate the highest common factor of 22 and 3377.
11
What is the highest common divisor of 56 and 28?
28
What is the highest common factor of 2208 and 64?
32
Calculate the greatest common divisor of 53 and 2491.
53
Calculate the greatest common factor of 30 and 105.
15
What is the greatest common factor of 4 and 7?
1
Calculate the highest common factor of 160 and 1568.
32
What is the greatest common factor of 5 and 1?
1
What is the highest common factor of 530 and 40?
10
What is the highest common divisor of 69 and 483?
69
What is the greatest common divisor of 192 and 120?
24
Calculate the greatest common divisor of 4 and 324.
4
What is the greatest common factor of 25 and 14125?
25
Calculate the greatest common divisor of 84 and 750.
6
Calculate the highest common factor of 16 and 984.
8
Calculate the greatest common factor of 44 and 594.
22
What is the highest common divisor of 72 and 6824?
8
Calculate the highest common factor of 392 and 56.
56
Calculate the highest common factor of 1008 and 204.
12
Calculate the highest common divisor of 395 and 316.
79
What is the greatest common factor of 141 and 5029?
47
What is the highest common divisor of 60 and 170?
10
What is the highest common factor of 66 and 88?
22
Calculate the highest common factor of 66 and 12.
6
What is the greatest common divisor of 152 and 20064?
152
Calculate the highest common factor of 608 and 96.
32
What is the highest common factor of 128 and 64?
64
Calculate the highest common divisor of 646 and 38.
38
What is the greatest common factor of 1102 and 1216?
38
Calculate the greatest common factor of 1043 and 298.
149
Calculate the greatest common divisor of 2860 and 26.
26
Calculate the greatest common divisor of 1141 and 1467.
163
What is the highest common factor of 22 and 55?
11
What is the greatest common divisor of 19177 and 127?
127
Calculate the highest common factor of 2159 and 127.
127
What is the highest common divisor of 24 and 948?
12
What is the highest common factor of 442 and 3332?
34
What is the greatest common divisor of 395 and 15?
5
What is the highest common factor of 294 and 154?
14
Calculate the greatest common divisor of 520 and 40.
40
What is the highest common factor of 144 and 600?
24
What is the greatest common factor of 30 and 1875?
15
What is the greatest common factor of 22 and 99?
11
What is the highest common divisor of 28 and 21?
7
What is the greatest common factor of 110 and 55?
55
Calculate the greatest common divisor of 7 and 49.
7
Calculate the greatest common factor of 5151 and 6.
3
Calculate the highest common divisor of 168 and 728.
56
Calculate the highest common divisor of 12 and 292.
4
Calculate the greatest common factor of 7 and 7840.
7
What is the highest common factor of 20 and 1260?
20
Calculate the greatest common factor of 735 and 8673.
147
What is the greatest common divisor of 345 and 92?
23
Calculate the highest common divisor of 140 and 105.
35
What is the highest common divisor of 37 and 74?
37
Calculate the greatest common divisor of 275 and 725.
25
Calculate the highest common divisor of 3060 and 396.
36
Calculate the highest common divisor of 33 and 264.
33
Calculate the greatest common divisor of 289 and 68.
17
What is the greatest common factor of 4851 and 9?
9
Calculate the highest common factor of 7776 and 36.
36
What is the highest common factor of 3 and 363?
3
What is the highest common factor of 57 and 513?
57
What is the highest common divisor of 3038 and 62?
62
Calculate the highest common factor of 335 and 201.
67
What is the highest common divisor of 28 and 224?
28
Calculate the greatest common divisor of 247 and 38.
19
What is the highest common factor of 408 and 238?
34
Calculate the highest common factor of 44 and 4312.
44
Calculate the greatest common divisor of 87 and 16994.
29
What is the highest common factor of 2322 and 54?
54
Calculate the greatest common divisor of 27 and 2241.
27
What is the highest common factor of 7347 and 186?
93
What is the greatest common factor of 740 and 4995?
185
What is the greatest common factor of 10038 and 168?
42
What is the highest common factor of 4225 and 25?
25
What is the greatest common divisor of 2211 and 33?
33
What is the greatest common divisor of 143 and 3016?
13
What is the highest common divisor of 2490 and 10?
10
What is the highest common factor of 13059 and 9?
9
What is the greatest common divisor of 16 and 112?
16
Calculate the greatest common factor of 5 and 305.
5
Calculate the highest common divisor of 4403 and 119.
119
Calculate the highest common factor of 5663 and 7.
7
What is the highest common divisor of 24 and 560?
8
What is the highest common divisor of 448 and 42?
14
Calculate the highest common factor of 38 and 142.
2
Calculate the greatest common factor of 144 and 2424.
24
Calculate the highest common factor of 18 and 9678.
6
What is the highest common factor of 93 and 589?
31
What is the highest common divisor of 258 and 473?
43
Calculate the highest common factor of 7644 and 156.
156
Calculate the highest common divisor of 1305 and 8613.
261
Calculate the greatest common factor of 123 and 369.
123
What is the highest common factor of 306 and 34?
34
What is the greatest common factor of 1400 and 40?
40
What is the highest common divisor of 1295 and 49?
7
Calculate the greatest common divisor of 6 and 63.
3
What is the greatest common factor of 836 and 264?
44
What is the greatest common divisor of 340 and 748?
68
What is the greatest common factor of 2037 and 21?
21
What is the highest common divisor of 11682 and 297?
99
What is the highest common factor of 280 and 40?
40
What is the highest common divisor of 11 and 418?
11
Calculate the greatest common factor of 24 and 18.
6
Calculate the highest common factor of 3865 and 10.
5
What is the greatest common divisor of 1 and 2939?
1
What is the highest common factor of 165 and 231?
33
What is the highest common divisor of 475 and 304?
19
Calculate the greatest common divisor of 6256 and 230.
46
Calculate the highest common divisor of 2295 and 102.
51
What is the greatest common factor of 30 and 9915?
15
What is the greatest common factor of 462 and 14?
14
Calculate the greatest common divisor of 21 and 413.
7
Calculate the greatest common divisor of 1467 and 279.
9
Calculate the greatest common divisor of 20 and 40.
20
Calculate the greatest common factor of 608 and 380.
76
Calculate the greatest common factor of 12447 and 9.
9
What is the highest common divisor of 72 and 612?
36
What is the greatest common factor of 451 and 779?
41
What is the highest common factor of 242 and 110?
22
What is the highest common divisor of 16 and 22?
2
What is the highest common factor of 154 and 14?
14
What is the greatest common divisor of 56 and 1512?
56
Calculate the highest common factor of 48 and 20.
4
Calculate the highest common factor of 10574 and 933.
311
What is the greatest common factor of 54 and 243?
27
What is the highest common divisor of 355 and 40?
5
Calculate the highest common divisor of 30 and 2190.
30
Calculate the greatest common factor of 1144 and 72.
8
What is the highest common factor of 182 and 156?
26
What is the highest common factor of 13 and 403?
13
Calculate the highest common divisor of 134 and 1675.
67
Calculate the highest common divisor of 108 and 17253.
27
Calculate the highest common divisor of 872 and 8.
8
What is the highest common factor of 11 and 913?
11
Calculate the greatest common factor of 36 and 96.
12
Calculate the highest common divisor